{"id":46,"date":"2025-11-18T14:01:06","date_gmt":"2025-11-18T17:01:06","guid":{"rendered":"https:\/\/sites.ieadenc.org.br\/suporte\/?page_id=46"},"modified":"2025-11-18T14:56:24","modified_gmt":"2025-11-18T17:56:24","slug":"e-agendas","status":"publish","type":"page","link":"https:\/\/sites.ieadenc.org.br\/suporte\/sistemas\/e-agendas\/","title":{"rendered":"e-Agendas"},"content":{"rendered":"\n<p class=\"is-style-info\">Publicado em 18\/11\/2025 | Atualizado em 18\/11\/2025<\/p>\n\n\n\n<p>Pesquisar t\u00f3picos de ajuda<\/p>\n\n\n\n<hr class=\"wp-block-separator has-alpha-channel-opacity\"\/>\n\n\n\n<details class=\"wp-block-details is-layout-flow wp-block-details-is-layout-flow\"><summary>Primeiros passos com o e-Agendas<\/summary>\n<ul class=\"wp-block-list\">\n<li><a href=\"https:\/\/sites.ieadenc.org.br\/suporte\/wp-admin\/post.php?post=51&amp;action=edit\">Como acessar o e-Agendas<\/a><\/li>\n<\/ul>\n<\/details>\n\n\n\n<details class=\"wp-block-details is-layout-flow wp-block-details-is-layout-flow\"><summary>Navega\u00e7\u00e3o<\/summary>\n<ul class=\"wp-block-list\">\n<li><a href=\"https:\/\/sites.ieadenc.org.br\/suporte\/wp-admin\/post.php?post=49&amp;action=edit\">Consultar informa\u00e7\u00f5es de local e rotas no Chrome<\/a><\/li>\n\n\n\n<li><a href=\"https:\/\/sites.ieadenc.org.br\/suporte\/wp-admin\/post.php?post=53&amp;action=edit\">Use as a\u00e7\u00f5es do e-Agendas para saber mais sobre os eventos<\/a><\/li>\n<\/ul>\n<\/details>\n\n\n\n<details class=\"wp-block-details is-layout-flow wp-block-details-is-layout-flow\"><summary>Privacidade no e-Agendas<\/summary>\n<p><\/p>\n<\/details>\n\n\n\n<details class=\"wp-block-details is-layout-flow wp-block-details-is-layout-flow\"><summary>Solicita\u00e7\u00e3o de edi\u00e7\u00f5es do evento<\/summary>\n<p><\/p>\n<\/details>\n","protected":false},"excerpt":{"rendered":"<p>Publicado em 18\/11\/2025 | Atualizado em 18\/11\/2025 Pesquisar t\u00f3picos de ajuda<\/p>\n","protected":false},"author":1,"featured_media":0,"parent":44,"menu_order":0,"comment_status":"closed","ping_status":"closed","template":"template-classic-12-cols-left.php","meta":{"_coblocks_attr":"","_coblocks_dimensions":"","_coblocks_responsive_height":"","_coblocks_accordion_ie_support":"","footnotes":""},"class_list":["post-46","page","type-page","status-publish","hentry"],"_links":{"self":[{"href":"https:\/\/sites.ieadenc.org.br\/suporte\/wp-json\/wp\/v2\/pages\/46","targetHints":{"allow":["GET"]}}],"collection":[{"href":"https:\/\/sites.ieadenc.org.br\/suporte\/wp-json\/wp\/v2\/pages"}],"about":[{"href":"https:\/\/sites.ieadenc.org.br\/suporte\/wp-json\/wp\/v2\/types\/page"}],"author":[{"embeddable":true,"href":"https:\/\/sites.ieadenc.org.br\/suporte\/wp-json\/wp\/v2\/users\/1"}],"replies":[{"embeddable":true,"href":"https:\/\/sites.ieadenc.org.br\/suporte\/wp-json\/wp\/v2\/comments?post=46"}],"version-history":[{"count":3,"href":"https:\/\/sites.ieadenc.org.br\/suporte\/wp-json\/wp\/v2\/pages\/46\/revisions"}],"predecessor-version":[{"id":74,"href":"https:\/\/sites.ieadenc.org.br\/suporte\/wp-json\/wp\/v2\/pages\/46\/revisions\/74"}],"up":[{"embeddable":true,"href":"https:\/\/sites.ieadenc.org.br\/suporte\/wp-json\/wp\/v2\/pages\/44"}],"wp:attachment":[{"href":"https:\/\/sites.ieadenc.org.br\/suporte\/wp-json\/wp\/v2\/media?parent=46"}],"curies":[{"name":"wp","href":"https:\/\/api.w.org\/{rel}","templated":true}]}}